{"id":155,"date":"2015-03-20T11:08:58","date_gmt":"2015-03-20T09:08:58","guid":{"rendered":"http:\/\/meckelburg-bauelemente.de\/leverkusen\/?page_id=155"},"modified":"2020-12-08T09:33:35","modified_gmt":"2020-12-08T07:33:35","slug":"haustueren-planer-konfigurator","status":"publish","type":"page","link":"https:\/\/meckelburg-bauelemente.de\/leverkusen\/produkte\/haustueren-planer-konfigurator\/","title":{"rendered":"Haust\u00fcren Planer \/ Konfigurator"},"content":{"rendered":"<h3>Schritt f\u00fcr Schritt zu Ihrer Traum-Haust\u00fcr:<br \/>\nSpielen Sie mit Farbe, Material und Design.<\/h3>\n<p><a href=\"https:\/\/app.traumtuer-konfigurator.de\/?lang=de&amp;to=info@reckendrees-bauelemente.de&amp;logo=9a473d94-49b6-4861-b1c2-ba574273d2ce&amp;token=e698970b-4acf-424c-b117-26f10b4e0aa7&amp;color=002951&amp;request=true\" target=\"_blank\" rel=\"noopener noreferrer\"><img loading=\"lazy\" decoding=\"async\" class=\"alignnone wp-image-534 size-large\" src=\"https:\/\/meckelburg-bauelemente.de\/leverkusen\/wp-content\/uploads\/traumtuer-konfigurator.de_-1024x410.jpg\" alt=\"\" width=\"1024\" height=\"410\" srcset=\"https:\/\/meckelburg-bauelemente.de\/leverkusen\/wp-content\/uploads\/traumtuer-konfigurator.de_-1024x410.jpg 1024w, https:\/\/meckelburg-bauelemente.de\/leverkusen\/wp-content\/uploads\/traumtuer-konfigurator.de_-300x120.jpg 300w, https:\/\/meckelburg-bauelemente.de\/leverkusen\/wp-content\/uploads\/traumtuer-konfigurator.de_-768x307.jpg 768w, https:\/\/meckelburg-bauelemente.de\/leverkusen\/wp-content\/uploads\/traumtuer-konfigurator.de_.jpg 1417w\" sizes=\"auto, (max-width: 1024px) 100vw, 1024px\" \/><\/a><\/p>\n<p><a href=\"https:\/\/konfigurator.adeco.de\/?css=reckendrees\" target=\"_blank\" rel=\"noopener noreferrer\"><img loading=\"lazy\" decoding=\"async\" class=\"alignnone wp-image-533 size-large\" src=\"https:\/\/meckelburg-bauelemente.de\/leverkusen\/wp-content\/uploads\/adeco-konfigurator2-1024x410.jpg\" alt=\"\" width=\"1024\" height=\"410\" srcset=\"https:\/\/meckelburg-bauelemente.de\/leverkusen\/wp-content\/uploads\/adeco-konfigurator2-1024x410.jpg 1024w, https:\/\/meckelburg-bauelemente.de\/leverkusen\/wp-content\/uploads\/adeco-konfigurator2-300x120.jpg 300w, https:\/\/meckelburg-bauelemente.de\/leverkusen\/wp-content\/uploads\/adeco-konfigurator2-768x307.jpg 768w, https:\/\/meckelburg-bauelemente.de\/leverkusen\/wp-content\/uploads\/adeco-konfigurator2.jpg 1417w\" sizes=\"auto, (max-width: 1024px) 100vw, 1024px\" \/><\/a><\/p>\n<p>W\u00e4hlen Sie einen unserer Haust\u00fcrkonfiguratoren und finden Sie Ihre pers\u00f6nliche Wunscht\u00fcr.<\/p>\n<h3><a href=\"https:\/\/www.reckendrees-bauelemente.de\/tueren\/haustuerkonfigurator\/\" target=\"_blank\" rel=\"noopener noreferrer\"><span style=\"color: #000000;\">Hier direkt zu den Konfiguratoren<\/span><\/a><\/h3>\n","protected":false},"excerpt":{"rendered":"<p>Schritt f\u00fcr Schritt zu Ihrer Traum-Haust\u00fcr: Spielen Sie mit Farbe, Material und Design. W\u00e4hlen Sie einen unserer Haust\u00fcrkonfiguratoren und finden Sie Ihre pers\u00f6nliche Wunscht\u00fcr. Hier direkt zu den Konfiguratoren<\/p>\n","protected":false},"author":1,"featured_media":0,"parent":15,"menu_order":3,"comment_status":"closed","ping_status":"closed","template":"page-fullwidth.php","meta":{"footnotes":""},"class_list":["post-155","page","type-page","status-publish","hentry"],"yoast_head":"<!-- This site is optimized with the Yoast SEO plugin v27.4 - https:\/\/yoast.com\/product\/yoast-seo-wordpress\/ -->\n<title>Haust\u00fcren Planer \/ Konfigurator - meckelburg-bauelemente.de - Haust\u00fcren - Fenster - Rolladen- Rolltore - Insektenschutz - Sicherheitstechnik<\/title>\n<meta name=\"robots\" content=\"index, follow, max-snippet:-1, max-image-preview:large, max-video-preview:-1\" \/>\n<link rel=\"canonical\" href=\"https:\/\/meckelburg-bauelemente.de\/leverkusen\/produkte\/haustueren-planer-konfigurator\/\" \/>\n<meta property=\"og:locale\" content=\"de_DE\" \/>\n<meta property=\"og:type\" content=\"article\" \/>\n<meta property=\"og:title\" content=\"Haust\u00fcren Planer \/ Konfigurator - meckelburg-bauelemente.de - Haust\u00fcren - Fenster - Rolladen- Rolltore - Insektenschutz - Sicherheitstechnik\" \/>\n<meta property=\"og:description\" content=\"Schritt f\u00fcr Schritt zu Ihrer Traum-Haust\u00fcr: Spielen Sie mit Farbe, Material und Design. W\u00e4hlen Sie einen unserer Haust\u00fcrkonfiguratoren und finden Sie Ihre pers\u00f6nliche Wunscht\u00fcr. Hier direkt zu den Konfiguratoren\" \/>\n<meta property=\"og:url\" content=\"https:\/\/meckelburg-bauelemente.de\/leverkusen\/produkte\/haustueren-planer-konfigurator\/\" \/>\n<meta property=\"og:site_name\" content=\"meckelburg-bauelemente.de - Haust\u00fcren - Fenster - Rolladen- Rolltore - Insektenschutz - Sicherheitstechnik\" \/>\n<meta property=\"article:modified_time\" content=\"2020-12-08T07:33:35+00:00\" \/>\n<meta property=\"og:image\" content=\"https:\/\/meckelburg-bauelemente.de\/leverkusen\/wp-content\/uploads\/traumtuer-konfigurator.de_-1024x410.jpg\" \/>\n<meta name=\"twitter:card\" content=\"summary_large_image\" \/>\n<script type=\"application\/ld+json\" class=\"yoast-schema-graph\">{\"@context\":\"https:\\\/\\\/schema.org\",\"@graph\":[{\"@type\":\"WebPage\",\"@id\":\"https:\\\/\\\/meckelburg-bauelemente.de\\\/leverkusen\\\/produkte\\\/haustueren-planer-konfigurator\\\/\",\"url\":\"https:\\\/\\\/meckelburg-bauelemente.de\\\/leverkusen\\\/produkte\\\/haustueren-planer-konfigurator\\\/\",\"name\":\"Haust\u00fcren Planer \\\/ Konfigurator - meckelburg-bauelemente.de - Haust\u00fcren - Fenster - Rolladen- Rolltore - Insektenschutz - Sicherheitstechnik\",\"isPartOf\":{\"@id\":\"https:\\\/\\\/meckelburg-bauelemente.de\\\/leverkusen\\\/#website\"},\"primaryImageOfPage\":{\"@id\":\"https:\\\/\\\/meckelburg-bauelemente.de\\\/leverkusen\\\/produkte\\\/haustueren-planer-konfigurator\\\/#primaryimage\"},\"image\":{\"@id\":\"https:\\\/\\\/meckelburg-bauelemente.de\\\/leverkusen\\\/produkte\\\/haustueren-planer-konfigurator\\\/#primaryimage\"},\"thumbnailUrl\":\"https:\\\/\\\/meckelburg-bauelemente.de\\\/leverkusen\\\/wp-content\\\/uploads\\\/traumtuer-konfigurator.de_-1024x410.jpg\",\"datePublished\":\"2015-03-20T09:08:58+00:00\",\"dateModified\":\"2020-12-08T07:33:35+00:00\",\"breadcrumb\":{\"@id\":\"https:\\\/\\\/meckelburg-bauelemente.de\\\/leverkusen\\\/produkte\\\/haustueren-planer-konfigurator\\\/#breadcrumb\"},\"inLanguage\":\"de\",\"potentialAction\":[{\"@type\":\"ReadAction\",\"target\":[\"https:\\\/\\\/meckelburg-bauelemente.de\\\/leverkusen\\\/produkte\\\/haustueren-planer-konfigurator\\\/\"]}]},{\"@type\":\"ImageObject\",\"inLanguage\":\"de\",\"@id\":\"https:\\\/\\\/meckelburg-bauelemente.de\\\/leverkusen\\\/produkte\\\/haustueren-planer-konfigurator\\\/#primaryimage\",\"url\":\"https:\\\/\\\/meckelburg-bauelemente.de\\\/leverkusen\\\/wp-content\\\/uploads\\\/traumtuer-konfigurator.de_.jpg\",\"contentUrl\":\"https:\\\/\\\/meckelburg-bauelemente.de\\\/leverkusen\\\/wp-content\\\/uploads\\\/traumtuer-konfigurator.de_.jpg\",\"width\":1417,\"height\":567},{\"@type\":\"BreadcrumbList\",\"@id\":\"https:\\\/\\\/meckelburg-bauelemente.de\\\/leverkusen\\\/produkte\\\/haustueren-planer-konfigurator\\\/#breadcrumb\",\"itemListElement\":[{\"@type\":\"ListItem\",\"position\":1,\"name\":\"Home\",\"item\":\"https:\\\/\\\/meckelburg-bauelemente.de\\\/leverkusen\\\/\"},{\"@type\":\"ListItem\",\"position\":2,\"name\":\"Produkte\",\"item\":\"https:\\\/\\\/meckelburg-bauelemente.de\\\/leverkusen\\\/produkte\\\/\"},{\"@type\":\"ListItem\",\"position\":3,\"name\":\"Haust\u00fcren Planer \\\/ Konfigurator\"}]},{\"@type\":\"WebSite\",\"@id\":\"https:\\\/\\\/meckelburg-bauelemente.de\\\/leverkusen\\\/#website\",\"url\":\"https:\\\/\\\/meckelburg-bauelemente.de\\\/leverkusen\\\/\",\"name\":\"meckelburg-bauelemente.de - Haust\u00fcren - Fenster - Rolladen- Rolltore - Insektenschutz - Sicherheitstechnik\",\"description\":\"Montage - Wartung - Reparatur - Beratung - Installation\",\"potentialAction\":[{\"@type\":\"SearchAction\",\"target\":{\"@type\":\"EntryPoint\",\"urlTemplate\":\"https:\\\/\\\/meckelburg-bauelemente.de\\\/leverkusen\\\/?s={search_term_string}\"},\"query-input\":{\"@type\":\"PropertyValueSpecification\",\"valueRequired\":true,\"valueName\":\"search_term_string\"}}],\"inLanguage\":\"de\"}]}<\/script>\n<!-- \/ Yoast SEO plugin. -->","yoast_head_json":{"title":"Haust\u00fcren Planer \/ Konfigurator - meckelburg-bauelemente.de - Haust\u00fcren - Fenster - Rolladen- Rolltore - Insektenschutz - Sicherheitstechnik","robots":{"index":"index","follow":"follow","max-snippet":"max-snippet:-1","max-image-preview":"max-image-preview:large","max-video-preview":"max-video-preview:-1"},"canonical":"https:\/\/meckelburg-bauelemente.de\/leverkusen\/produkte\/haustueren-planer-konfigurator\/","og_locale":"de_DE","og_type":"article","og_title":"Haust\u00fcren Planer \/ Konfigurator - meckelburg-bauelemente.de - Haust\u00fcren - Fenster - Rolladen- Rolltore - Insektenschutz - Sicherheitstechnik","og_description":"Schritt f\u00fcr Schritt zu Ihrer Traum-Haust\u00fcr: Spielen Sie mit Farbe, Material und Design. W\u00e4hlen Sie einen unserer Haust\u00fcrkonfiguratoren und finden Sie Ihre pers\u00f6nliche Wunscht\u00fcr. Hier direkt zu den Konfiguratoren","og_url":"https:\/\/meckelburg-bauelemente.de\/leverkusen\/produkte\/haustueren-planer-konfigurator\/","og_site_name":"meckelburg-bauelemente.de - Haust\u00fcren - Fenster - Rolladen- Rolltore - Insektenschutz - Sicherheitstechnik","article_modified_time":"2020-12-08T07:33:35+00:00","og_image":[{"url":"https:\/\/meckelburg-bauelemente.de\/leverkusen\/wp-content\/uploads\/traumtuer-konfigurator.de_-1024x410.jpg","type":"","width":"","height":""}],"twitter_card":"summary_large_image","schema":{"@context":"https:\/\/schema.org","@graph":[{"@type":"WebPage","@id":"https:\/\/meckelburg-bauelemente.de\/leverkusen\/produkte\/haustueren-planer-konfigurator\/","url":"https:\/\/meckelburg-bauelemente.de\/leverkusen\/produkte\/haustueren-planer-konfigurator\/","name":"Haust\u00fcren Planer \/ Konfigurator - meckelburg-bauelemente.de - Haust\u00fcren - Fenster - Rolladen- Rolltore - Insektenschutz - Sicherheitstechnik","isPartOf":{"@id":"https:\/\/meckelburg-bauelemente.de\/leverkusen\/#website"},"primaryImageOfPage":{"@id":"https:\/\/meckelburg-bauelemente.de\/leverkusen\/produkte\/haustueren-planer-konfigurator\/#primaryimage"},"image":{"@id":"https:\/\/meckelburg-bauelemente.de\/leverkusen\/produkte\/haustueren-planer-konfigurator\/#primaryimage"},"thumbnailUrl":"https:\/\/meckelburg-bauelemente.de\/leverkusen\/wp-content\/uploads\/traumtuer-konfigurator.de_-1024x410.jpg","datePublished":"2015-03-20T09:08:58+00:00","dateModified":"2020-12-08T07:33:35+00:00","breadcrumb":{"@id":"https:\/\/meckelburg-bauelemente.de\/leverkusen\/produkte\/haustueren-planer-konfigurator\/#breadcrumb"},"inLanguage":"de","potentialAction":[{"@type":"ReadAction","target":["https:\/\/meckelburg-bauelemente.de\/leverkusen\/produkte\/haustueren-planer-konfigurator\/"]}]},{"@type":"ImageObject","inLanguage":"de","@id":"https:\/\/meckelburg-bauelemente.de\/leverkusen\/produkte\/haustueren-planer-konfigurator\/#primaryimage","url":"https:\/\/meckelburg-bauelemente.de\/leverkusen\/wp-content\/uploads\/traumtuer-konfigurator.de_.jpg","contentUrl":"https:\/\/meckelburg-bauelemente.de\/leverkusen\/wp-content\/uploads\/traumtuer-konfigurator.de_.jpg","width":1417,"height":567},{"@type":"BreadcrumbList","@id":"https:\/\/meckelburg-bauelemente.de\/leverkusen\/produkte\/haustueren-planer-konfigurator\/#breadcrumb","itemListElement":[{"@type":"ListItem","position":1,"name":"Home","item":"https:\/\/meckelburg-bauelemente.de\/leverkusen\/"},{"@type":"ListItem","position":2,"name":"Produkte","item":"https:\/\/meckelburg-bauelemente.de\/leverkusen\/produkte\/"},{"@type":"ListItem","position":3,"name":"Haust\u00fcren Planer \/ Konfigurator"}]},{"@type":"WebSite","@id":"https:\/\/meckelburg-bauelemente.de\/leverkusen\/#website","url":"https:\/\/meckelburg-bauelemente.de\/leverkusen\/","name":"meckelburg-bauelemente.de - Haust\u00fcren - Fenster - Rolladen- Rolltore - Insektenschutz - Sicherheitstechnik","description":"Montage - Wartung - Reparatur - Beratung - Installation","potentialAction":[{"@type":"SearchAction","target":{"@type":"EntryPoint","urlTemplate":"https:\/\/meckelburg-bauelemente.de\/leverkusen\/?s={search_term_string}"},"query-input":{"@type":"PropertyValueSpecification","valueRequired":true,"valueName":"search_term_string"}}],"inLanguage":"de"}]}},"_links":{"self":[{"href":"https:\/\/meckelburg-bauelemente.de\/leverkusen\/wp-json\/wp\/v2\/pages\/155","targetHints":{"allow":["GET"]}}],"collection":[{"href":"https:\/\/meckelburg-bauelemente.de\/leverkusen\/wp-json\/wp\/v2\/pages"}],"about":[{"href":"https:\/\/meckelburg-bauelemente.de\/leverkusen\/wp-json\/wp\/v2\/types\/page"}],"author":[{"embeddable":true,"href":"https:\/\/meckelburg-bauelemente.de\/leverkusen\/wp-json\/wp\/v2\/users\/1"}],"replies":[{"embeddable":true,"href":"https:\/\/meckelburg-bauelemente.de\/leverkusen\/wp-json\/wp\/v2\/comments?post=155"}],"version-history":[{"count":7,"href":"https:\/\/meckelburg-bauelemente.de\/leverkusen\/wp-json\/wp\/v2\/pages\/155\/revisions"}],"predecessor-version":[{"id":535,"href":"https:\/\/meckelburg-bauelemente.de\/leverkusen\/wp-json\/wp\/v2\/pages\/155\/revisions\/535"}],"up":[{"embeddable":true,"href":"https:\/\/meckelburg-bauelemente.de\/leverkusen\/wp-json\/wp\/v2\/pages\/15"}],"wp:attachment":[{"href":"https:\/\/meckelburg-bauelemente.de\/leverkusen\/wp-json\/wp\/v2\/media?parent=155"}],"curies":[{"name":"wp","href":"https:\/\/api.w.org\/{rel}","templated":true}]}}